s 504 a multiple of 62?
False
Is 132 a factor of 792?
True
Is 5 a factor of 57208?
False
Is 5076 a multiple of 27?
True
Is 40610 a multiple of 3?
False
Is 67 a factor of 69682?
False
Is 9 a factor of 459?
True
Is 30 a factor of 84564?
False
Is 19 a factor of 4324?
False
Does 3 divide 10057?
False
Is 32 a multiple of 22?
False
Does 10 divide 20030?
True
Is 191 a factor of 1337?
True
Is 13 a factor of 2551?
False
Does 32 divide 3872?
True
Is 2 a factor of 4562?
True
Does 6 divide 1784?
False
Is 7 a factor of 626?
False
Does 3 divide 622?
False
Is 5501 a multiple of 40?
False
Is 19 a factor of 38456?
True
Does 24 divide 4328?
False
Is 9 a factor of 2475?
True
Is 4 a factor of 4240?
True
Does 20 divide 96?
False
Does 3 divide 126?
True
Is 51 a factor of 1363?
False
Is 29 a factor of 3451?
True
Is 144 a multiple of 9?
True
Is 2 a factor of 126?
True
Is 645 a multiple of 13?
False
Does 17 divide 6103?
True
Does 4 divide 7182?
False
Is 34 a factor of 782?
True
Is 10120 a multiple of 253?
True
Is 10 a factor of 2170?
True
Is 6924 a multiple of 24?
False
Is 20432 a multiple of 65?
False
Does 3 divide 819?
True
Is 10063 a multiple of 2?
False
Is 13 a factor of 11876?
False
Is 25 a factor of 4137?
False
Is 346 a factor of 12840?
False
Is 13 a factor of 24362?
True
Is 945 a multiple of 27?
True
Does 13 divide 16231?
False
Is 21 a factor of 53382?
True
Is 39 a factor of 39?
True
Is 6 a factor of 528?
True
Does 6 divide 6606?
True
Is 64976 a multiple of 16?
True
Does 17 divide 11568?
False
Is 2 a factor of 153?
False
Is 17 a factor of 494?
False
Is 15 a factor of 17?
False
Is 101 a factor of 6187?
False
Is 2272 a multiple of 8?
True
Does 6 divide 644?
False
Is 5 a factor of 17535?
True
Is 24308 a multiple of 206?
True
Is 4 a factor of 7388?
True
Is 4924 a multiple of 7?
False
Is 408 a multiple of 17?
True
Does 64 divide 1408?
True
Is 2055 a multiple of 24?
False
Is 27 a factor of 1382?
False
Is 144 a multiple of 12?
True
Is 75 a factor of 2350?
False
Does 46 divide 14490?
True
Does 51 divide 7991?
False
Is 14 a factor of 5897?
False
Is 9842 a multiple of 40?
False
Does 77 divide 1001?
True
Does 64 divide 3524?
False
Does 10 divide 450?
True
Does 17 divide 19805?
True
Does 6 divide 1099?
False
Does 10 divide 9500?
True
Does 40 divide 2520?
True
Is 20 a factor of 3660?
True
Is 2832 a multiple of 22?
False
Is 975 a multiple of 40?
False
Does 7 divide 1323?
True
Does 19 divide 77539?
True
Is 12537 a multiple of 9?
True
Does 28 divide 168?
True
Is 21 a factor of 7413?
True
Is 104 a factor of 1976?
True
Is 200 a factor of 24600?
True
Is 37 a factor of 1518?
False
Is 35 a factor of 315?
True
Does 65 divide 1801?
False
Is 6 a factor of 1019?
False
Is 9 a factor of 1431?
True
Does 67 divide 46452?
False
Is 495 a multiple of 38?
False
Is 1715 a multiple of 49?
True
Does 67 divide 46846?
False
Does 12 divide 16044?
True
Is 1120 a multiple of 10?
True
Is 34 a factor of 704?
False
Is 34 a factor of 1094?
False
Is 38 a multiple of 5?
False
Does 128 divide 5179?
False
Is 3 a factor of 294?
True
Is 1433 a multiple of 245?
False
Is 480 a multiple of 60?
True
Is 17356 a multiple of 68?
False
Does 15 divide 990?
True
Is 759 a multiple of 5?
False
Is 9 a factor of 448?
False
Is 148 a multiple of 74?
True
Does 13 divide 1469?
True
Is 78 a factor of 1950?
True
Is 185 a factor of 56795?
True
Does 4 divide 262?
False
Does 110 divide 965?
False
Is 1242 a multiple of 23?
True
Does 96 divide 28224?
True
Is 476 a multiple of 68?
True
Does 23 divide 3634?
True
Does 13 divide 182?
True
Does 18 divide 882?
True
Is 29 a factor of 1450?
True
Does 60 divide 10774?
False
Is 10 a factor of 450?
True
Is 710 a multiple of 71?
True
Does 6 divide 228?
True
Is 177 a factor of 4230?
False
Is 80 a factor of 6521?
False
Is 3 a factor of 68?
False
Is 3944 a multiple of 68?
True
Is 49 a factor of 6073?
False
Does 4 divide 11198?
False
Does 6 divide 1692?
True
Does 51 divide 1020?
True
Is 278 a factor of 30302?
True
Does 150 divide 12951?
False
Does 7 divide 595?
True
Does 4 divide 51706?
False
Does 40 divide 1600?
True
Is 133 a multiple of 6?
False
Does 27 divide 945?
True
Does 13 divide 8400?
False
Is 38 a factor of 258?
False
Does 7 divide 274?
False
Is 405 a multiple of 18?
False
Is 1105 a multiple of 13?
True
Does 22 divide 26308?
False
Does 22 divide 110?
True
Is 179 a multiple of 4?
False
Is 1230 a multiple of 5?
True
Does 7 divide 168?
True
Is 10 a factor of 81510?
True
Is 90 a factor of 15491?
False
Is 77 a factor of 770?
True
Does 24 divide 307?
False
Does 15 divide 6203?
False
Does 80 divide 30880?
True
Is 58212 a multiple of 231?
True
Is 5 a factor of 3705?
True
Is 603 a multiple of 43?
False
Does 70 divide 490?
True
Is 588 a multiple of 14?
True
Is 8297 a multiple of 50?
False
Is 374 a multiple of 11?
True
Does 42 divide 840?
True
Does 11 divide 161?
False
Does 19 divide 219?
False
Does 4 divide 1112?
True
Is 1921 a multiple of 113?
True
Is 8733 a multiple of 43?
False
Does 54 divide 16991?
False
Is 17839 a multiple of 28?
False
Does 368 divide 3349?
False
Is 11 a factor of 4125?
True
Is 6 a factor of 84?
True
Does 47 divide 29244?
False
Does 218 divide 31817?
False
Is 418 a multiple of 28?
False
Does 29 divide 878?
False
Is 1027 a multiple of 17?
False
Does 64 divide 4253?
False
Does 8 divide 16698?
False
Is 73 a factor of 21170?
True
Does 122 divide 11159?
False
Is 900 a multiple of 5?
True
Is 3234 a multiple of 33?
True
Is 4 a factor of 120?
True
Is 1111 a multiple of 28?
False
Is 8 a factor of 401?
False
Is 58 a factor of 1044?
True
Is 16 a factor of 99812?
False
Is 16 a factor of 1347?
False
Is 441 a multiple of 63?
True
Does 7 divide 2310?
True
Does 56 divide 27832?
True
Is 75 a factor of 9904?
False
Is 25620 a multiple of 61?
True
Is 3602 a multiple of 99?
False
Is 121 a multiple of 2?
False
Is 8712 a multiple of 72?
True
Does 81 divide 4133?
False
Is 20 a factor of 1140?
True
Is 46 a factor of 26910?
True
Is 144 a factor of 7344?
True
Is 14 a factor of 80374?
True
Is 4 a factor of 416?
True
Is 1136 a multiple of 28?
False
Does 25 divide 21275?
True
Is 2480 a multiple of 10?
True
Is 31 a factor of 726?
False
Is 9536 a multiple of 64?
True
Is 1258 a multiple of 2?
True
Does 8 divide 808?
True
Is 300 a multiple of 29?
False
Is 23 a factor of 2300?
True
Is 3009 a multiple of 59?
True
Is 7 a factor of 920?
False
Is 5 a factor of 4995?
True
Is 14 a factor of 4088?
True
Does 161 divide 64400?
True
Does 8 divide 3560?
True
Is 98 a factor of 12348?
True
Is 396 a multiple of 4?
True
Is 4 a factor of 1980?
True
Is 11032 a multiple of 18?
False
Is 5661 a multiple of 51?
True
Is 126 a factor of 6930?
True
Is 425 a multiple of 3?
False
Is 16 a factor of 1324?
False
Does 38 divide 190?
True
Does 41 divide 8228?
False
Is 2 a factor of 281?
False
Does 242 divide 32186?
True
Is 95 a factor of 1070?
False
Is 9 a factor of 297?
True
Does 151 divide 35636?
True
Is 784 a multiple of 14?
True
Is 36 a factor of 9239?
False
Is 29 a factor of 1102?
True
Is 3 a factor of 2115?
True
Is 2402 a multiple of 27?
False
Is 7 a factor of 532?
True
Is 12 a factor of 3036?
True
Does 59 divide 1416?
True
Does 2 divide 1761?
False
Is 22365 a multiple of 63?
True
Does 53 divide 1452?
False
Is 17952 a multiple of 8?
True
Is 35213 a multiple of 27?
False
Is 36 a factor of 6705?
False
Is 691 a multiple of 65?
False
Is 98 a factor of 1542?
False
Is 13 a factor of 468?
True
Is 9487 a multiple of 53?
True
Does 18 divide 1422?
True
Is 2157 a multiple of 18?
False
Is 21 a factor of 2667?
True
Does 123 divide 17399?
False
Is 20 a factor of 282?
False
Is 84 a factor of 168?
True
Is 11713 a multiple of 32?
False
Is 10166 a multiple of 26?
True
Does 10 divide 428?
False
Is 28 a factor of 6916?
True
Does 33 divide 572?
False
Is 7 a factor of 29575?
True
Is 59 a factor of 413?
True
Is 37 a factor of 58460?
True
Is 12692 a multiple of 167?
True
Is 139 a multiple of 3?
False
Is 18 a factor of 612?
True
Is 7425 a multiple of 5?
True
Is 1144 a multiple of 10?
False
Does 24 divide 1379?
False
Is 10 a factor of 839?
False
Does 50 divide 28849?
False
Does 19 divide 26?
False
Does 90 divide 7560?
True
Is 700 a multiple of 35?
True
Is 148 a multiple of 2?
True
Is 26603 a multiple of 233?
False
Is 156 a factor of 2340?
True
Is 4164 a multip